What is the millions digit of 349024341?
9
What is the hundred millions digit of 3725128308?
7
What is the ten thousands digit of 52252403?
5
What is the units digit of 327097711?
1
What is the hundred thousands digit of 47704441?
7
What is the tens digit of 22792085?
8
What is the tens digit of 14590334?
3
What is the hundreds digit of 793491164?
1
What is the hundred millions digit of 4894049374?
8
What is the millions digit of 188065008?
8
What is the hundred millions digit of 1393713430?
3
What is the ten thousands digit of 5535721417?
2
What is the millions digit of 4527992913?
7
What is the ten thousands digit of 6927390879?
9
What is the billions digit of 2001523328?
2
What is the ten millions digit of 695829186?
9
What is the ten thousands digit of 2734891289?
9
What is the thousands digit of 34825685?
5
What is the hundred millions digit of 7872831520?
8
What is the thousands digit of 834354078?
4
What is the tens digit of 320748295?
9
What is the thousands digit of 7690506612?
6
What is the ten millions digit of 123041108?
2
What is the hundred thousands digit of 4041616207?
6
What is the hundred thousands digit of 310922175?
9
What is the hundred thousands digit of 87124048?
1
What is the hundred thousands digit of 23562735?
5
What is the ten thousands digit of 162426715?
2
What is the millions digit of 35705971?
5
What is the millions digit of 417855053?
7
What is the millions digit of 1662075774?
2
What is the millions digit of 63440845?
3
What is the ten millions digit of 2319085806?
1
What is the ten thousands digit of 689252809?
5
What is the ten thousands digit of 82939966?
3
What is the hundreds digit of 1763685285?
2
What is the thousands digit of 42682371?
2
What is the hundred millions digit of 208107649?
2
What is the units digit of 360269172?
2
What is the units digit of 8136185?
5
What is the ten thousands digit of 181534367?
3
What is the hundred thousands digit of 284874144?
8
What is the hundred millions digit of 2624946125?
6
What is the ten thousands digit of 42032620?
3
What is the units digit of 269907924?
4
What is the tens digit of 41829186?
8
What is the hundred thousands digit of 48291380?
2
What is the hundred thousands digit of 71705897?
7
What is the tens digit of 778190098?
9
What is the hundred millions digit of 351393319?
3
What is the tens digit of 592295994?
9
What is the tens digit of 159280182?
8
What is the units digit of 245223824?
4
What is the billions digit of 1310078728?
1
What is the tens digit of 7873931631?
3
What is the millions digit of 89886270?
9
What is the tens digit of 283207732?
3
What is the ten millions digit of 47546935?
4
What is the hundreds digit of 768675221?
2
What is the ten millions digit of 89844005?
8
What is the hundred thousands digit of 6488051558?
0
What is the millions digit of 22334319?
2
What is the millions digit of 122684933?
2
What is the hundreds digit of 1060515964?
9
What is the thousands digit of 157589539?
9
What is the hundred thousands digit of 18942452?
9
What is the hundreds digit of 99151296?
2
What is the thousands digit of 136932222?
2
What is the thousands digit of 1058235028?
5
What is the hundred millions digit of 7616187395?
6
What is the hundreds digit of 83935111?
1
What is the units digit of 840108201?
1
What is the units digit of 811870073?
3
What is the tens digit of 356302851?
5
What is the units digit of 20901465?
5
What is the millions digit of 69053814?
9
What is the units digit of 4192331939?
9
What is the millions digit of 3765240120?
5
What is the millions digit of 81014291?
1
What is the tens digit of 60434565?
6
What is the ten thousands digit of 54087016?
8
What is the millions digit of 23860308?
3
What is the hundreds digit of 116852507?
5
What is the ten millions digit of 639393525?
3
What is the tens digit of 17368617?
1
What is the tens digit of 407802190?
9
What is the ten millions digit of 35865999?
3
What is the hundred millions digit of 430805725?
4
What is the thousands digit of 31193092?
3
What is the ten thousands digit of 1559055?
5
What is the hundred thousands digit of 725994658?
9
What is the millions digit of 104306036?
4
What is the hundred thousands digit of 1932989834?
9
What is the ten millions digit of 16623044?
1
What is the hundred millions digit of 156380371?
1
What is the tens digit of 313592680?
8
What is the millions digit of 4836305981?
6
What is the hundred thousands digit of 4902181625?
1
What is the thousands digit of 742767870?
7
What is the ten millions digit of 429025708?
2
What is the ten millions digit of 737500047?
3
What is the millions digit of 188433980?
8
What is the hundreds digit of 98975143?
1
What is the units digit of 54948458?
8
What is the hundred thousands digit of 20302268?
3
What is the hundreds digit of 213656674?
6
What is the ten millions digit of 697286558?
9
What is the tens digit of 16896779?
7
What is the hundreds digit of 496651158?
1
What is the ten thousands digit of 1636347868?
4
What is the millions digit of 76968012?
6
What is the hundreds digit of 3879206167?
1
What is the hundred thousands digit of 1071905?
0
What is the hundreds digit of 57008390?
3
What is the units digit of 32911450?
0
What is the ten thousands digit of 193263477?
6
What is the units digit of 61740486?
6
What is the ten millions digit of 2973632835?
7
What is the thousands digit of 88239721?
9
What is the hundred thousands digit of 28570666?
5
What is the ten millions digit of 341718341?
4
What is the units digit of 256836448?
8
What is the hundred millions digit of 861994727?
8
What is the hundred millions digit of 248726483?
2
What is the tens digit of 482479600?
0
What is the billions digit of 2900984922?
2
What is the hundred millions digit of 717946256?
7
What is the tens digit of 525518093?
9
What is the hundred thousands digit of 148826464?
8
What is the hundred thousands digit of 38270242?
2
What is the thousands digit of 996041831?
1
What is the thousands digit of 730184723?
4
What is the hundred thousands digit of 3119831841?
8
What is the thousands digit of 287512469?
2
What is the hundred thousands digit of 132591039?
5
What is the units digit of 278791526?
6
What is the hundred thousands digit of 737427432?
4
What is the millions digit of 334278511?
4
What is the ten thousands digit of 82375070?
7
What is the hundred millions digit of 425349554?
4
What is the billions digit of 3169606091?
3
What is the ten thousands digit of 1969319012?
1
What is the hundred thousands digit of 301121006?
1
What is the ten thousands digit of 1427826803?
2
What is the units digit of 3347499720?
0
What is the millions digit of 272707181?
2
What is the units digit of 25435781?
1
What is the hundreds digit of 247879785?
7
What is the thousands digit of 11908740?
8
What is the thousands digit of 265987173?
7
What is the millions digit of 40685684?
0
What is the hundred thousands digit of 82907819?
9
What is the units digit of 127972698?
8
What is the tens digit of 126801144?
4
What is the billions digit of 3295367487?
3
What is the ten millions digit of 436837210?
3
What is the billions digit of 4241533140?
4
What is the units digit of 3380369085?
5
What is the millions digit of 6122111?
6
What is the billions digit of 1125430045?
1
What is the millions digit of 203129874?
3
What is the millions digit of 30352872?
0
What is the units digit of 332151555?
5
What is the ten millions digit of 706522072?
0
What is the hundred millions digit of 3525911470?
5
What is the millions digit of 111627087?
1
What is the ten thousands digit of 158142614?
4
What is the hundred thousands digit of 5730021559?
0
What is the hundreds digit of 2486723?
7
What is the hundreds digit of 276729191?
1
What is the hundreds digit of 29714528?
5
What is the tens digit of 2119918982?
8
What is the hundred thousands digit of 1099473?
0
What is the thousands digit of 86566749?
6
What is the hundred thousands digit of 104151983?
1
What is the hundreds digit of 107457617?
6
What is the units digit of 138633837?
7
What is the tens digit of 2774859773?
7
What is the ten millions digit of 68358248?
6
What is the ten thousands digit of 409434484?
3
What is the millions digit of 24389933?
4
What is the hundreds digit of 2216819892?
8
What 